07?
1
What is the ten millions digit of 2499156444?
9
What is the ten thousands digit of 1471378708?
7
What is the hundreds digit of 195615688?
6
What is the thousands digit of 127341108?
1
What is the ten thousands digit of 424402911?
0
What is the thousands digit of 77529139?
9
What is the tens digit of 32222769?
6
What is the hundreds digit of 1766794441?
4
What is the tens digit of 622421899?
9
What is the ten millions digit of 47513345?
4
What is the thousands digit of 216964400?
4
What is the units digit of 1994245843?
3
What is the hundreds digit of 7147767038?
0
What is the ten millions digit of 1282252020?
8
What is the hundred millions digit of 1447651492?
4
What is the ten millions digit of 688780377?
8
What is the ten thousands digit of 2244409456?
0
What is the billions digit of 2291940266?
2
What is the ten millions digit of 30348338?
3
What is the tens digit of 1147275032?
3
What is the hundred millions digit of 576488135?
5
What is the tens digit of 19814350?
5
What is the millions digit of 58879905?
8
What is the thousands digit of 40178983?
8
What is the hundred thousands digit of 71398954?
3
What is the hundred millions digit of 185684836?
1
What is the units digit of 244112647?
7
What is the hundred thousands digit of 152782437?
7
What is the millions digit of 64165291?
4
What is the billions digit of 4324626444?
4
What is the millions digit of 8951204552?
1
What is the ten thousands digit of 53831038?
3
What is the millions digit of 406972554?
6
What is the thousands digit of 313018320?
8
What is the tens digit of 117839560?
6
What is the hundred thousands digit of 277866661?
8
What is the millions digit of 5367579262?
7
What is the hundreds digit of 995767607?
6
What is the thousands digit of 110169489?
9
What is the millions digit of 8704981?
8
What is the ten thousands digit of 277466126?
6
What is the hundred thousands digit of 671213729?
2
What is the hundreds digit of 39344314?
3
What is the units digit of 1948125976?
6
What is the ten thousands digit of 34004709?
0
What is the hundred millions digit of 1914295096?
9
What is the tens digit of 860964?
6
What is the hundred millions digit of 3248375785?
2
What is the tens digit of 138047309?
0
What is the tens digit of 55082599?
9
What is the hundred thousands digit of 20639621?
6
What is the hundred thousands digit of 3949410098?
4
What is the billions digit of 1653127852?
1
What is the millions digit of 47385578?
7
What is the millions digit of 9643202?
9
What is the hundreds digit of 49373342?
3
What is the hundred thousands digit of 246277385?
2
What is the ten millions digit of 4945621594?
4
What is the thousands digit of 79052849?
2
What is the thousands digit of 2436105492?
5
What is the hundreds digit of 909211035?
0
What is the ten thousands digit of 170332588?
3
What is the hundred thousands digit of 216383437?
3
What is the hundred thousands digit of 1056505098?
5
What is the millions digit of 57887069?
7
What is the units digit of 940605380?
0
What is the hundreds digit of 636122972?
9
What is the millions digit of 202087725?
2
What is the hundred thousands digit of 177580958?
5
What is the millions digit of 28049995?
8
What is the millions digit of 59984905?
9
What is the ten thousands digit of 10018171?
1
What is the hundreds digit of 528800152?
1
What is the units digit of 168367310?
0
What is the ten thousands digit of 45969087?
6
What is the hundred thousands digit of 2826134496?
1
What is the ten millions digit of 103221523?
0
What is the units digit of 872365046?
6
What is the ten millions digit of 2510049396?
1
What is the thousands digit of 305074?
5
What is the ten thousands digit of 45787603?
8
What is the tens digit of 12870566?
6
What is the units digit of 7092097496?
6
What is the hundred millions digit of 3429265939?
4
What is the hundred millions digit of 5072324273?
0
What is the thousands digit of 20066707?
6
What is the millions digit of 85280702?
5
What is the tens digit of 243424943?
4
What is the units digit of 4522935955?
5
What is the ten thousands digit of 237851921?
5
What is the hundred millions digit of 1334079536?
3
What is the thousands digit of 1999829328?
9
What is the hundreds digit of 4944449595?
5
What is the millions digit of 77050621?
7
What is the units digit of 201411901?
1
What is the ten thousands digit of 43571653?
7
What is the millions digit of 57017351?
7
What is the units digit of 40690553?
3
What is the hundred millions digit of 112578615?
1
What is the millions digit of 21208076?
1
What is the units digit of 1681115155?
5
What is the ten millions digit of 58899844?
5
What is the thousands digit of 3115930070?
0
What is the tens digit of 57589255?
5
What is the ten millions digit of 306816985?
0
What is the millions digit of 70362475?
0
What is the hundred thousands digit of 947114567?
1
What is the ten thousands digit of 354484996?
8
What is the millions digit of 123233336?
3
What is the hundred thousands digit of 359657076?
6
What is the ten thousands digit of 8224400678?
0
What is the units digit of 71299278?
8
What is the thousands digit of 28985937?
5
What is the millions digit of 39554607?
9
What is the hundreds digit of 15520241?
2
What is the hundreds digit of 7986248286?
2
What is the thousands digit of 1099669208?
9
What is the tens digit of 744063663?
6
What is the ten millions digit of 1970220658?
7
What is the ten thousands digit of 419345929?
4
What is the ten thousands digit of 100648021?
4
What is the ten thousands digit of 111547276?
4
What is the hundred thousands digit of 13116188?
1
What is the hundred thousands digit of 75081487?
0
What is the hundreds digit of 10558198?
1
What is the units digit of 116363109?
9
What is the tens digit of 77411609?
0
What is the units digit of 2194575?
5
What is the units digit of 215338601?
1
What is the millions digit of 288831365?
8
What is the tens digit of 50070784?
8
What is the hundred thousands digit of 295733696?
7
What is the ten millions digit of 974565779?
7
What is the thousands digit of 296334356?
4
What is the hundred thousands digit of 231762822?
7
What is the millions digit of 100046655?
0
What is the units digit of 223246285?
5
What is the hundred thousands digit of 30834847?
8
What is the hundred millions digit of 160795208?
1
What is the ten millions digit of 3521362155?
2
What is the ten millions digit of 1899061079?
9
What is the units digit of 624587213?
3
What is the tens digit of 45788782?
8
What is the hundred millions digit of 1305809985?
3
What is the millions digit of 324192809?
4
What is the hundred thousands digit of 204204036?
2
What is the hundred thousands digit of 49118134?
1
What is the millions digit of 453991687?
3
What is the hundred millions digit of 2410506731?
4
What is the hundreds digit of 51462621?
6
What is the thousands digit of 7528103365?
3
What is the hundreds digit of 60463929?
9
What is the millions digit of 4517695814?
7
What is the hundred millions digit of 344614829?
3
What is the tens digit of 5789997?
9
What is the millions digit of 468702256?
8
What is the tens digit of 24133656?
5
What is the millions digit of 20353207?
0
What is the tens digit of 106570049?
4
What is the hundred millions digit of 799320361?
7
What is the hundred millions digit of 1698072408?
6
What is the millions digit of 98121017?
8
What is the hundreds digit of 599103115?
1
What is the tens digit of 1349530445?
4
What is the hundred millions digit of 5212960039?
2
What is the ten thousands digit of 25844709?
4
What is the millions digit of 23981273?
3
What is the hundreds digit of 930463027?
0
What is the tens digit of 198096418?
1
What is the millions digit of 159742588?
9
What is the tens digit of 1089208000?
0
What is the thousands digit of 181287697?
7
What is the ten thousands digit of 122006454?
0
What is the units digit of 833412067?
7
What is the millions digit of 72480673?
2
What is the hundreds digit of 1285168117?
1
What is the millions digit of 48540381?
8
What is the ten thousands digit of 317551985?
5
What is the units digit of 23731574?
4
What is the hundred thousands digit of 631843020?
8
What is the millions digit of 35663815?
5
What is the thousands digit of 131438603?
8
What is the hundred millions digit o